 is the remainder when 3016 is divided by 85?
41
What is the remainder when 53205 is divided by 1329?
45
Calculate the remainder when 1231334 is divided by 3190.
3184
Calculate the remainder when 3755396 is divided by 598.
554
What is the remainder when 1103493 is divided by 1812?
1797
Calculate the remainder when 10164177 is divided by 797.
36
What is the remainder when 319466 is divided by 3236?
2338
What is the remainder when 177250156 is divided by 12409?
0
Calculate the remainder when 11202331 is divided by 334.
305
What is the remainder when 33677 is divided by 33570?
107
What is the remainder when 24807140 is divided by 13?
7
Calculate the remainder when 149327060 is divided by 31.
29
What is the remainder when 10666029 is divided by 624?
621
Calculate the remainder when 121649 is divided by 15146.
481
Calculate the remainder when 495172 is divided by 3614.
54
What is the remainder when 1076777 is divided by 181?
8
What is the remainder when 132192677 is divided by 10168666?
19
Calculate the remainder when 16339635 is divided by 568.
547
Calculate the remainder when 513063615 is divided by 2571.
2568
Calculate the remainder when 80530 is divided by 730.
230
Calculate the remainder when 627776 is divided by 65.
6
Calculate the remainder when 119738 is divided by 3151.
0
Calculate the remainder when 501822 is divided by 3609.
171
Calculate the remainder when 436675 is divided by 7528.
51
Calculate the remainder when 267582725 is divided by 41.
38
What is the remainder when 10336 is divided by 689?
1
What is the remainder when 205162 is divided by 2052?
2014
Calculate the remainder when 1032733252 is divided by 10168.
10164
What is the remainder when 123875 is divided by 866?
37
What is the remainder when 47096 is divided by 6160?
3976
Calculate the remainder when 17358057 is divided by 1021057.
88
Calculate the remainder when 14745188 is divided by 4.
0
What is the remainder when 8215498 is divided by 1191?
1171
What is the remainder when 2955205 is divided by 2227?
2203
What is the remainder when 79710 is divided by 609?
540
What is the remainder when 393457 is divided by 1748?
157
Calculate the remainder when 97634688 is divided by 623.
620
What is the remainder when 82416 is divided by 16341?
711
Calculate the remainder when 109921676 is divided by 240.
236
What is the remainder when 1734290 is divided by 1910?
10
Calculate the remainder when 487973 is divided by 2427.
146
What is the remainder when 885661 is divided by 850?
811
What is the remainder when 18842312 is divided by 9421153?
6
Calculate the remainder when 125409537 is divided by 6376.
6369
Calculate the remainder when 660349 is divided by 2673.
118
What is the remainder when 2671564 is divided by 4687?
4661
What is the remainder when 6165582 is divided by 301?
199
Calculate the remainder when 36555 is divided by 28950.
7605
Calculate the remainder when 565210 is divided by 215.
190
Calculate the remainder when 32677199 is divided by 689.
685
Calculate the remainder when 29735 is divided by 3822.
2981
Calculate the remainder when 647083 is divided by 2388.
2323
What is the remainder when 2983513 is divided by 1239?
1
What is the remainder when 11154897 is divided by 1444?
1441
Calculate the remainder when 781935 is divided by 1155.
0
Calculate the remainder when 1542396 is divided by 200.
196
What is the remainder when 944551 is divided by 67?
52
What is the remainder when 190573 is divided by 1603?
1419
Calculate the remainder when 4064751 is divided by 61587.
9
Calculate the remainder when 1167735 is divided by 278.
135
Calculate the remainder when 3943579 is divided by 164301.
355
Calculate the remainder when 239350 is divided by 4368.
3478
What is the remainder when 9717 is divided by 1351?
260
What is the remainder when 649832 is divided by 216552?
176
Calculate the remainder when 384758219 is divided by 7127.
7124
Calculate the remainder when 228598 is divided by 805.
783
What is the remainder when 1148349 is divided by 4015?
59
What is the remainder when 65058378 is divided by 4618?
4612
Calculate the remainder when 11786102 is divided by 11786085.
17
What is the remainder when 38526 is divided by 4760?
446
Calculate the remainder when 1060154 is divided by 33129.
26
What is the remainder when 15153 is divided by 718?
75
What is the remainder when 79141 is divided by 77076?
2065
What is the remainder when 326260 is divided by 1284?
124
Calculate the remainder when 1979430 is divided by 820.
770
What is the remainder when 793235 is divided by 3319?
3313
What is the remainder when 8155786 is divided by 1122?
1090
Calculate the remainder when 789768080 is divided by 1834.
1830
Calculate the remainder when 2762019 is divided by 150.
69
Calculate the remainder when 3850662 is divided by 2616.
2526
What is the remainder when 2422196 is divided by 10?
6
Calculate the remainder when 9967330 is divided by 6.
4
What is the remainder when 31198 is divided by 636?
34
Calculate the remainder when 209268 is divided by 578.
32
Calculate the remainder when 6803037 is divided by 107984.
45
Calculate the remainder when 218209172 is divided by 2965.
2962
What is the remainder when 4836 is divided by 2611?
2225
Calculate the remainder when 87546 is divided by 464.
314
What is the remainder when 79817 is divided by 72595?
7222
Calculate the remainder when 25054 is divided by 24880.
174
Calculate the remainder when 6870636 is divided by 18.
0
What is the remainder when 170931 is divided by 764?
559
Calculate the remainder when 41888265 is divided by 325.
315
What is the remainder when 877106 is divided by 263?
1
Calculate the remainder when 1952285 is divided by 104.
101
What is the remainder when 2663225 is divided by 45?
35
What is the remainder when 333811 is divided by 354?
343
Calculate the remainder when 107849 is divided by 35602.
1043
What is the remainder when 484950 is divided by 167?
149
Calculate the remainder when 1618356 is divided by 336.
180
What is the remainder when 144887 is divided by 4670?
117
What is the remainder when 256720 is divided by 128293?
134
What is the remainder when 202320 is divided by 67253?
561
Calculate the remainder when 150967 is divided by 437.
202
What is the remainder when 3536762 is divided by 79?
11
What is the remainder when 12743871 is divided by 22?
19
Calculate the remainder when 3310717 is divided by 70432.
413
What is the remainder when 67644221 is divided by 158?
155
Calculate the remainder when 1088989 is divided by 2352.
13
Calculate the remainder when 1052688 is divided by 283.
211
What is the remainder when 737482 is divided by 1546?
40
What is the remainder when 13539145 is divided by 9?
4
What is the remainder when 206269 is divided by 58?
21
Calculate the remainder when 305782 is divided by 43680.
22
Calculate the remainder when 126002473 is divided by 2575.
2573
Calculate the remainder when 60127775 is divided by 3006388.
15
Calculate the remainder when 7520525 is divided by 773.
8
What is the remainder when 19198626 is divided by 264?
18
What is the remainder when 179165 is divided by 548?
517
Calculate the remainder when 46049929 is divided by 1341.
1330
Calculate the remainder when 894859 is divided by 447415.
29
What is the remainder when 51786 is divided by 25405?
976
Calculate the remainder when 5109113 is divided by 510909.
23
What is the remainder when 4265792 is divided by 196?
48
Calculate the remainder when 11098321 is divided by 426858.
13
Calculate the remainder when 1836998 is divided by 918490.
18
Calculate the remainder when 1132154 is divided by 70757.
42
Calculate the remainder when 5658124 is divided by 19377.
40
What is the remainder when 2279484 is divided by 97?
81
Calculate the remainder when 390243 is divided by 3761.
2860
What is the remainder when 590109361 is divided by 23?
17
What is the remainder when 789500 is divided by 22?
8
Calculate the remainder when 12133462 is divided by 28.
26
What is the remainder when 141254 is divided by 5643?
179
What is the remainder when 1830471 is divided by 31?
14
Calculate the remainder when 1340573 is divided by 23934.
269
Calculate the remainder when 7279060 is divided by 104.
100
Calculate the remainder when 13066163 is divided by 17.
14
Calculate the remainde